{"id":2070,"date":"2024-02-12T15:53:20","date_gmt":"2024-02-12T20:53:20","guid":{"rendered":"https:\/\/untuna.pe\/?post_type=product&#038;p=2070"},"modified":"2026-02-18T08:40:55","modified_gmt":"2026-02-18T13:40:55","slug":"chiquitines-2-anos-pqte-3-titulos","status":"publish","type":"product","link":"https:\/\/untuna.pe\/?product=chiquitines-2-anos-pqte-3-titulos","title":{"rendered":"CHIQUITINES 2 A\u00d1OS PQTE. 3 T\u00cdTULOS"},"content":{"rendered":"<p><strong>Kit de materiales para el estudiante<\/strong><\/p>\n<ul>\n<li><span style=\"font-weight: 400;\">Psicomotriz &#8211; Personal Social &#8211; Comunicaci\u00f3n &#8211; Descubrimiento del Mundo<\/span><\/li>\n<li>Actividades gr\u00e1fico pl\u00e1sticas<\/li>\n<li>Portafolio de recursos<\/li>\n<\/ul>\n","protected":false},"excerpt":{"rendered":"<p>Kit de materiales para el estudiante Psicomotriz &#8211; Personal Social &#8211; Comunicaci\u00f3n &#8211; Descubrimiento del Mundo Actividades gr\u00e1fico pl\u00e1sticas Portafolio de recursos<\/p>\n","protected":false},"featured_media":2740,"template":"","meta":[],"product_brand":[],"product_cat":[260],"product_tag":[],"class_list":{"0":"post-2070","1":"product","2":"type-product","3":"status-publish","4":"has-post-thumbnail","6":"product_cat-combos","8":"first","9":"instock","10":"taxable","11":"shipping-taxable","12":"purchasable","13":"product-type-simple"},"_links":{"self":[{"href":"https:\/\/untuna.pe\/index.php?rest_route=\/wp\/v2\/product\/2070","targetHints":{"allow":["GET"]}}],"collection":[{"href":"https:\/\/untuna.pe\/index.php?rest_route=\/wp\/v2\/product"}],"about":[{"href":"https:\/\/untuna.pe\/index.php?rest_route=\/wp\/v2\/types\/product"}],"wp:featuredmedia":[{"embeddable":true,"href":"https:\/\/untuna.pe\/index.php?rest_route=\/wp\/v2\/media\/2740"}],"wp:attachment":[{"href":"https:\/\/untuna.pe\/index.php?rest_route=%2Fwp%2Fv2%2Fmedia&parent=2070"}],"wp:term":[{"taxonomy":"product_brand","embeddable":true,"href":"https:\/\/untuna.pe\/index.php?rest_route=%2Fwp%2Fv2%2Fproduct_brand&post=2070"},{"taxonomy":"product_cat","embeddable":true,"href":"https:\/\/untuna.pe\/index.php?rest_route=%2Fwp%2Fv2%2Fproduct_cat&post=2070"},{"taxonomy":"product_tag","embeddable":true,"href":"https:\/\/untuna.pe\/index.php?rest_route=%2Fwp%2Fv2%2Fproduct_tag&post=2070"}],"curies":[{"name":"wp","href":"https:\/\/api.w.org\/{rel}","templated":true}]}}