{"id":1137,"date":"2022-01-26T19:45:48","date_gmt":"2022-01-27T00:45:48","guid":{"rendered":"https:\/\/untuna.pe\/?post_type=product&#038;p=1137"},"modified":"2026-02-18T08:41:47","modified_gmt":"2026-02-18T13:41:47","slug":"canticuentos-la-ovejita-elisa","status":"publish","type":"product","link":"https:\/\/untuna.pe\/?product=canticuentos-la-ovejita-elisa","title":{"rendered":"Canticuentos La ovejita Elisa"},"content":{"rendered":"<p>Un d\u00eda, Elisa, la ovejita, por ir siempre de prisa, cay\u00f3 a un hoyo. Al pedir ayuda, sus amigos la auxiliaron y rescataron. Finalmente, la ovejita comparti\u00f3 un rico pastel como agradecimiento por la buena acci\u00f3n.<\/p>\n","protected":false},"excerpt":{"rendered":"<p>Un d\u00eda, Elisa, la ovejita, por ir siempre de prisa, cay\u00f3 a un hoyo. Al pedir ayuda, sus amigos la auxiliaron y rescataron. Finalmente, la ovejita comparti\u00f3 un rico pastel como agradecimiento por la buena acci\u00f3n.<\/p>\n","protected":false},"featured_media":2814,"template":"","meta":[],"product_brand":[],"product_cat":[266],"product_tag":[],"class_list":{"0":"post-1137","1":"product","2":"type-product","3":"status-publish","4":"has-post-thumbnail","6":"product_cat-canticuentos","8":"first","9":"instock","10":"taxable","11":"shipping-taxable","12":"purchasable","13":"product-type-simple"},"_links":{"self":[{"href":"https:\/\/untuna.pe\/index.php?rest_route=\/wp\/v2\/product\/1137","targetHints":{"allow":["GET"]}}],"collection":[{"href":"https:\/\/untuna.pe\/index.php?rest_route=\/wp\/v2\/product"}],"about":[{"href":"https:\/\/untuna.pe\/index.php?rest_route=\/wp\/v2\/types\/product"}],"wp:featuredmedia":[{"embeddable":true,"href":"https:\/\/untuna.pe\/index.php?rest_route=\/wp\/v2\/media\/2814"}],"wp:attachment":[{"href":"https:\/\/untuna.pe\/index.php?rest_route=%2Fwp%2Fv2%2Fmedia&parent=1137"}],"wp:term":[{"taxonomy":"product_brand","embeddable":true,"href":"https:\/\/untuna.pe\/index.php?rest_route=%2Fwp%2Fv2%2Fproduct_brand&post=1137"},{"taxonomy":"product_cat","embeddable":true,"href":"https:\/\/untuna.pe\/index.php?rest_route=%2Fwp%2Fv2%2Fproduct_cat&post=1137"},{"taxonomy":"product_tag","embeddable":true,"href":"https:\/\/untuna.pe\/index.php?rest_route=%2Fwp%2Fv2%2Fproduct_tag&post=1137"}],"curies":[{"name":"wp","href":"https:\/\/api.w.org\/{rel}","templated":true}]}}