{"id":1082,"date":"2022-01-26T19:19:07","date_gmt":"2022-01-27T00:19:07","guid":{"rendered":"https:\/\/untuna.pe\/?post_type=product&#038;p=1082"},"modified":"2026-02-27T12:45:35","modified_gmt":"2026-02-27T17:45:35","slug":"mis-escritos-integrado-tomo-1","status":"publish","type":"product","link":"https:\/\/untuna.pe\/?product=mis-escritos-integrado-tomo-1","title":{"rendered":"Mis Escritos integrado, tomo 1"},"content":{"rendered":"<p><span style=\"font-weight: 400;\">Cuaderno de trabajo elaborado con el enfoque comunicativo-textual, que promueve el desarrollo de textos con una correcta escritura en los ni\u00f1os. Y\u00a0 no solo eso, sino que a trav\u00e9s de los ejercicios propuestos ir\u00e1n mentalizando valores que contribuir\u00e1n a su formaci\u00f3n personal y al aprendizaje en las distintas \u00e1reas propias del grado.<\/span><\/p>\n","protected":false},"excerpt":{"rendered":"<p>Cuaderno de trabajo elaborado con el enfoque comunicativo-textual, que promueve el desarrollo de textos con una correcta escritura en los ni\u00f1os. Y\u00a0 no solo eso, sino que a trav\u00e9s de los ejercicios propuestos ir\u00e1n mentalizando valores que contribuir\u00e1n a su formaci\u00f3n personal y al aprendizaje en las distintas \u00e1reas propias del grado.<\/p>\n","protected":false},"featured_media":2796,"template":"","meta":[],"product_brand":[],"product_cat":[263],"product_tag":[],"class_list":{"0":"post-1082","1":"product","2":"type-product","3":"status-publish","4":"has-post-thumbnail","6":"product_cat-mis-escritos","8":"first","9":"outofstock","10":"taxable","11":"shipping-taxable","12":"purchasable","13":"product-type-simple"},"_links":{"self":[{"href":"https:\/\/untuna.pe\/index.php?rest_route=\/wp\/v2\/product\/1082","targetHints":{"allow":["GET"]}}],"collection":[{"href":"https:\/\/untuna.pe\/index.php?rest_route=\/wp\/v2\/product"}],"about":[{"href":"https:\/\/untuna.pe\/index.php?rest_route=\/wp\/v2\/types\/product"}],"wp:featuredmedia":[{"embeddable":true,"href":"https:\/\/untuna.pe\/index.php?rest_route=\/wp\/v2\/media\/2796"}],"wp:attachment":[{"href":"https:\/\/untuna.pe\/index.php?rest_route=%2Fwp%2Fv2%2Fmedia&parent=1082"}],"wp:term":[{"taxonomy":"product_brand","embeddable":true,"href":"https:\/\/untuna.pe\/index.php?rest_route=%2Fwp%2Fv2%2Fproduct_brand&post=1082"},{"taxonomy":"product_cat","embeddable":true,"href":"https:\/\/untuna.pe\/index.php?rest_route=%2Fwp%2Fv2%2Fproduct_cat&post=1082"},{"taxonomy":"product_tag","embeddable":true,"href":"https:\/\/untuna.pe\/index.php?rest_route=%2Fwp%2Fv2%2Fproduct_tag&post=1082"}],"curies":[{"name":"wp","href":"https:\/\/api.w.org\/{rel}","templated":true}]}}